{"id":440,"date":"2018-10-10T15:14:55","date_gmt":"2018-10-10T15:14:55","guid":{"rendered":"http:\/\/casa-grande.com.ar\/web\/?page_id=440"},"modified":"2018-10-16T19:58:30","modified_gmt":"2018-10-16T19:58:30","slug":"villa-la-angostura","status":"publish","type":"page","link":"https:\/\/casa-grande.com.ar\/web\/villa-la-angostura\/","title":{"rendered":"Villa La Angostura"},"content":{"rendered":"<p><img loading=\"lazy\" decoding=\"async\" class=\"alignleft wp-image-451 size-full\" src=\"http:\/\/casa-grande.com.ar\/web\/wp-content\/uploads\/2018\/10\/seccion-villa-la-angostura-e1539190622445.jpg\" alt=\"\" width=\"400\" height=\"407\" \/>Con un entorno natural privilegiado CASAGRANDE se encuentra a escasos minutos del centro de ski y del centro de Villa La Angostura. Y en vinculaci\u00f3n directa a trav\u00e9s de la RN 231 con el aeropuerto BRC.<\/p>\n<p>Rodeada de un frondoso bosque de a\u00f1osos arrayanes, coihues y cipreses, y junto a una de las m\u00e1s espectaculares vistas al majestuoso lago Nahuel Huapi, que visten de colores y texturas las monta\u00f1as que rodean esta m\u00e1gica aldea cordillerana.<\/p>\n<p>El gran predio cuenta con 16 lotes individuales, con excelentes parques y \u00e1reas de usos propios y un exclusivo muelle con costa de lago. Completan este magn\u00edfico desarrollo 54 departamentos de alta calidad estrat\u00e9gicamente posicionados para que todos gocen de las inigualables vistas del lago Nahuel Huapi.<\/p>\n","protected":false},"excerpt":{"rendered":"<p>Con un entorno natural privilegiado CASAGRANDE se encuentra a escasos minutos del centro de ski y del centro de Villa La Angostura. Y en vinculaci\u00f3n directa a trav\u00e9s de la RN 231 con el aeropuerto BRC.<\/p>\n<p>Rodeada de un frondoso bosque de a\u00f1osos arrayanes, coihues y cipreses&#8230;<\/p>\n","protected":false},"author":2,"featured_media":456,"parent":0,"menu_order":0,"comment_status":"closed","ping_status":"closed","template":"","meta":{"footnotes":""},"class_list":["post-440","page","type-page","status-publish","has-post-thumbnail","hentry"],"_links":{"self":[{"href":"https:\/\/casa-grande.com.ar\/web\/wp-json\/wp\/v2\/pages\/440","targetHints":{"allow":["GET"]}}],"collection":[{"href":"https:\/\/casa-grande.com.ar\/web\/wp-json\/wp\/v2\/pages"}],"about":[{"href":"https:\/\/casa-grande.com.ar\/web\/wp-json\/wp\/v2\/types\/page"}],"author":[{"embeddable":true,"href":"https:\/\/casa-grande.com.ar\/web\/wp-json\/wp\/v2\/users\/2"}],"replies":[{"embeddable":true,"href":"https:\/\/casa-grande.com.ar\/web\/wp-json\/wp\/v2\/comments?post=440"}],"version-history":[{"count":15,"href":"https:\/\/casa-grande.com.ar\/web\/wp-json\/wp\/v2\/pages\/440\/revisions"}],"predecessor-version":[{"id":506,"href":"https:\/\/casa-grande.com.ar\/web\/wp-json\/wp\/v2\/pages\/440\/revisions\/506"}],"wp:featuredmedia":[{"embeddable":true,"href":"https:\/\/casa-grande.com.ar\/web\/wp-json\/wp\/v2\/media\/456"}],"wp:attachment":[{"href":"https:\/\/casa-grande.com.ar\/web\/wp-json\/wp\/v2\/media?parent=440"}],"curies":[{"name":"wp","href":"https:\/\/api.w.org\/{rel}","templated":true}]}}