{"id":526,"date":"2018-10-16T20:27:40","date_gmt":"2018-10-16T20:27:40","guid":{"rendered":"http:\/\/casa-grande.com.ar\/web\/?page_id=526"},"modified":"2018-11-23T14:15:31","modified_gmt":"2018-11-23T14:15:31","slug":"kayak","status":"publish","type":"page","link":"https:\/\/casa-grande.com.ar\/web\/fotos\/kayak\/","title":{"rendered":"Kayak"},"content":{"rendered":"<p>Los paseos te permitir\u00e1n tomar un verdadero contacto con la naturaleza, toda su belleza y su grandeza. Apreciar este magn\u00edfico escenario desde otra perspectiva totalmente distinta, en cualquier \u00e9poca del a\u00f1o.<\/p>\n<p>La mayor\u00eda de los r\u00edos y lagos de la regi\u00f3n son aptos para la canoa y el kayak, prefiri\u00e9ndose el kayak para r\u00edos r\u00e1pidos y la canoa para navegaci\u00f3n en lagos y r\u00edos de poca corriente. En invierno y primavera es cuando hay m\u00e1s agua con muy buenas corrientes, aunque la temperatura es muy baja. En verano y oto\u00f1o se nota en algunos tramos la falta de agua.<\/p>\n<p>Naveg\u00e1 los lagos Nahuel Huapi, Correntoso y Espejo. Disfrut\u00e1 del contacto con la naturaleza, la observaci\u00f3n de aves, flora, fauna y el silencio, mientras realizas una actividad en total armon\u00eda con el medioambiente.<\/p>\n<p><img loading=\"lazy\" decoding=\"async\" class=\"size-full wp-image-514 aligncenter\" src=\"http:\/\/casa-grande.com.ar\/web\/wp-content\/uploads\/2018\/10\/fotos-varias-kayak-e1542973736818.jpg\" alt=\"\" width=\"794\" height=\"500\" srcset=\"https:\/\/casa-grande.com.ar\/web\/wp-content\/uploads\/2018\/10\/fotos-varias-kayak-e1542973736818.jpg 794w, https:\/\/casa-grande.com.ar\/web\/wp-content\/uploads\/2018\/10\/fotos-varias-kayak-e1542973736818-300x189.jpg 300w, https:\/\/casa-grande.com.ar\/web\/wp-content\/uploads\/2018\/10\/fotos-varias-kayak-e1542973736818-768x484.jpg 768w\" sizes=\"auto, (max-width: 794px) 100vw, 794px\" \/><\/p>\n","protected":false},"excerpt":{"rendered":"<p>Los paseos te permitir\u00e1n tomar un verdadero contacto con la naturaleza, toda su belleza y su grandeza. Apreciar este magn\u00edfico escenario desde otra perspectiva totalmente<\/p>\n","protected":false},"author":2,"featured_media":514,"parent":510,"menu_order":50,"comment_status":"closed","ping_status":"closed","template":"page-templates\/template-portfolio.php","meta":{"footnotes":""},"class_list":["post-526","page","type-page","status-publish","has-post-thumbnail","hentry"],"_links":{"self":[{"href":"https:\/\/casa-grande.com.ar\/web\/wp-json\/wp\/v2\/pages\/526","targetHints":{"allow":["GET"]}}],"collection":[{"href":"https:\/\/casa-grande.com.ar\/web\/wp-json\/wp\/v2\/pages"}],"about":[{"href":"https:\/\/casa-grande.com.ar\/web\/wp-json\/wp\/v2\/types\/page"}],"author":[{"embeddable":true,"href":"https:\/\/casa-grande.com.ar\/web\/wp-json\/wp\/v2\/users\/2"}],"replies":[{"embeddable":true,"href":"https:\/\/casa-grande.com.ar\/web\/wp-json\/wp\/v2\/comments?post=526"}],"version-history":[{"count":7,"href":"https:\/\/casa-grande.com.ar\/web\/wp-json\/wp\/v2\/pages\/526\/revisions"}],"predecessor-version":[{"id":628,"href":"https:\/\/casa-grande.com.ar\/web\/wp-json\/wp\/v2\/pages\/526\/revisions\/628"}],"up":[{"embeddable":true,"href":"https:\/\/casa-grande.com.ar\/web\/wp-json\/wp\/v2\/pages\/510"}],"wp:featuredmedia":[{"embeddable":true,"href":"https:\/\/casa-grande.com.ar\/web\/wp-json\/wp\/v2\/media\/514"}],"wp:attachment":[{"href":"https:\/\/casa-grande.com.ar\/web\/wp-json\/wp\/v2\/media?parent=526"}],"curies":[{"name":"wp","href":"https:\/\/api.w.org\/{rel}","templated":true}]}}